s the tens digit of i(8)?
3
Let a(r) = -r + 1. Let h(u) = 6. Let q(j) = 3*a(j) - h(j). Let t be (-2)/(-8) - 51/12. What is the units digit of q(t)?
9
Let v = -213 + 419. What is the units digit of v?
6
Suppose 0*r = 2*h - 3*r + 27, -5*h - 45 = -3*r. What is the units digit of (1 - -5)*(-32)/h?
2
Let f = 3 - 1. Suppose f*y + 0 = 2. What is the units digit of y?
1
Let k(j) = j**2 + 3*j + 3. Let p be (-4 - -1) + -1 + 6. Suppose -p*x + 1 + 9 = 0, 2*u = -2*x. What is the tens digit of k(u)?
1
Let d = 326 - 128. What is the units digit of d?
8
Let j(c) = 3*c + 23. What is the units digit of j(16)?
1
Let g(o) be the second derivative of -o**5/20 - o**4/2 + o**3 - 3*o**2 - 2*o. What is the units digit of g(-7)?
1
Let t = -33 + 89. What is the units digit of t?
6
Suppose -r + 3 = -1. Suppose 0 = -4*k + 12 + r. What is the units digit of k?
4
Suppose 4 = 4*v - 4. Let x = -9 + v. Let y(m) = m**2 + 6*m + 4. What is the tens digit of y(x)?
1
Suppose -2*r = 1 - 3. Let m be -2 + -2*r*-3. What is the units digit of (m/6)/((-1)/(-3))?
2
Let a = 1 + 3. Suppose -4*v = -4*d + 56, v - 26 = -2*d + 5*v. Let s = d - a. What is the units digit of s?
1
Let w be (22/(-33))/(2/(-108)). Suppose -3 = -3*v + 3*o, -v + o - 2 = -o. Suppose 7*x = v*x + w. What is the units digit of x?
2
Let r be -2 + 4 + 3 + -3. Suppose 5*u + 5 = 0, 2*c = -r*c - 3*u + 5. Suppose -3*i + 5*g + 13 = 0, 5*i - c*g + 4 = 32. What is the units digit of i?
6
Let u be (-3)/(-1 - 4/(-6)). Let n be -11 + u - -1*23. Let k = -11 + n. What is the tens digit of k?
1
Suppose -4*g + 2*g + 190 = 0. Suppose -2*w = -5*a + 97 + 18, -4*a + g = -w. What is the tens digit of a?
2
Let n(p) = 1. Let c(d) = -d**2 - 2*d - 3. Let w = -8 - -3. Let a(f) = w*n(f) - c(f). What is the units digit of a(2)?
6
Suppose 0*x - 8 = -2*x. Suppose -2*u + 21 = -h + x, -4*h = 5*u + 3. Let o(p) = -p**2 - 8*p - 5. What is the units digit of o(h)?
2
Let r(p) = p**3 + 16*p**2 + 2*p + 28. What is the hundreds digit of r(-14)?
3
Suppose -3*w = -0*w - 15. Let l(a) = a**3 - 4*a**2 - 2*a + 5. What is the tens digit of l(w)?
2
Let z = -11 + 16. Suppose 4*n + 12 = 0, z = -a - 0*a - 3*n. What is the units digit of a?
4
Let a(w) = -w**3 + w**2 + w + 9. Let y be ((1 + -1)/3)/2. What is the units digit of a(y)?
9
Let y(d) = 8*d + 9. Let g be y(-8). Let w = -36 - g. What is the units digit of w?
9
What is the units digit of (-9)/(-6)*76/3?
8
Let b = 96 + -92. What is the units digit of b?
4
Let z(t) = 2*t - 1. Let y be z(-9). Let u = -7 - y. What is the tens digit of u?
1
Suppose 5*u - 2*t + 3*t - 225 = 0, 0 = -2*u - 4*t + 108. What is the tens digit of u?
4
Let u(r) = 3*r**3 + 8*r + 3*r**3 - 9*r**2 + 1 - 5*r**3 + r. Let k be ((-32)/(-20))/(2/10). What is the units digit of u(k)?
9
Let u = 128 + -78. What is the units digit of u?
0
What is the units digit of 3 - 32/10 - 842/(-10)?
4
Let c(k) = -k - 5. Let p(m) = -3*m + 1. Let i be p(-2). Let o = i - 14. What is the units digit of c(o)?
2
Suppose 4*u = -6*a + 2*a + 332, -3*a - 4*u + 248 = 0. What is the units digit of a?
4
Let t = -15 + 28. Let m(v) = v**2 + 2*v - 2. Let r be m(-3). Let i = t + r. What is the units digit of i?
4
Let s be 4*(0 - 1/(-2)). Suppose s*j = -j. Suppose j = 5*b - 0*b - 95. What is the units digit of b?
9
What is the units digit of 13/(1/(-2)*-1)?
6
Suppose -3*y + 0*y - 6 = 0. Let p be -2*(-23)/y*-1. Let k = p - 14. What is the units digit of k?
9
Suppose -12 + 3 = -j + 2*p, -j + 15 = -4*p. Suppose -4*y + t + j*t = -24, 2*t + 10 = y. Suppose y*h - 3*h = -12. What is the tens digit of h?
1
Suppose 2*t = -2*w + 94, -253 = -5*t - 2*w - 27. What is the tens digit of t?
4
Suppose 2214 = 11*a - 2*a. What is the units digit of a?
6
Suppose v - 5 = -6. What is the tens digit of v*2*(-26)/4?
1
What is the hundreds digit of ((-28)/(-8))/((-2)/(-184)*2)?
1
Suppose -16 = 2*x - 0*x. Let u be 1/4 - (-90)/x. Let d = 15 + u. What is the units digit of d?
4
Let h(w) = -w**2 + 3*w. Let x be h(-5). Let s = x - -26. Let a = s + 23. What is the units digit of a?
9
Suppose 15 = -r + 6*r. What is the units digit of (-17)/(-4) + r/(-12)?
4
Let a(u) = 2*u. Let b be a(-5). Let d be 2/b + (-16)/(-5). What is the units digit of 1/(1/d - 0)?
3
Let p(k) = -k + 9. Let y be p(7). Let r = y - 1. Suppose -o = -7 - r. What is the units digit of o?
8
Let w(f) = -4*f**2 - 3. Let y(s) be the third derivative of -s**5/20 + s**4/24 - s**3/3 - 2*s**2. Let a(h) = 2*w(h) - 3*y(h). What is the tens digit of a(5)?
1
Let p(n) = n**2 + 3*n + 6. Suppose 0 = -5*w - 2*i - 25, -3*w + 5*i - 14 = 1. What is the tens digit of p(w)?
1
Let x(v) = 0*v**2 + 2*v**2 - v**2 + v - 7*v + 3. Let w be x(6). Suppose 53 = 2*r + 3*r + w*n, -5*n = 20. What is the tens digit of r?
1
Let a = -24 - -16. Let o = -5 - a. What is the units digit of o?
3
What is the units digit of (-3 - (-159)/3) + -4?
6
Suppose 87 = 4*v + 267. Suppose 0 = -5*s + 18 + 12. What is the units digit of ((-2)/s)/(3/v)?
5
Let v(x) = x + 5. What is the units digit of v(-1)?
4
Let s = -2 + -2. Let b be s/(-3)*18/(-4). Let f(x) = x**3 + 5*x**2 - 8*x - 7. What is the units digit of f(b)?
5
Let a(g) be the second derivative of -7*g**3/6 + g**2/2 + g. What is the tens digit of a(-2)?
1
Let f(n) = 2*n**2 + n - 7. What is the units digit of f(-6)?
9
Suppose -n = n - 10. What is the units digit of n?
5
Suppose 4*h + j - 11 + 45 = 0, 4*h = 4*j - 24. Let u = h - -21. What is the tens digit of u?
1
Let a be 99/4 - (-1)/4. Suppose 0 = -3*x + 41 + a. What is the units digit of (-4)/x - 158/(-22)?
7
Suppose 0 = -u + 2. Suppose 3*h - 31 = -5*z, h - u*h - z + 13 = 0. What is the tens digit of h?
1
Suppose -150 = -4*u + 154. Suppose 2*m = -4*x - u, -x + 0*x = 2*m + 22. Let h = 30 + x. What is the tens digit of h?
1
Let c be (28/21)/((-2)/(-6)). Suppose -20 = -c*g + 4. What is the units digit of g?
6
Let f(w) be the second derivative of w**5/20 - 5*w**4/12 + 3*w**2/2 + 3*w. Let a be f(5). Suppose a*u + u = 12. What is the units digit of u?
3
Let a(w) = 10*w - 3. Suppose -2*b + d + 3 = -b, 0 = 2*d + 2. What is the units digit of a(b)?
7
Let o(t) = -10*t + 1 + 9*t - 2. Let y be o(-8). Suppose -y = -4*f - 2*b + 5, 0 = f + 4*b - 10. What is the units digit of f?
2
Let h(d) = 5*d**2 - 3*d - 1. What is the units digit of h(-2)?
5
Suppose -2*t = -4*t. Let b(v) = v**2 + 10. Let j be b(t). Suppose 0 = -4*n + 3*n + j. What is the units digit of n?
0
Suppose a + a = 194. What is the tens digit of a?
9
Suppose 4*r - 72 = 3*c, 0 = -3*c - 5*r + 3*r - 54. What is the units digit of (-47)/(-5) - (-8)/c?
9
Let q(m) = m**3 + m**2 + 1. Suppose -4*z + 9*z = 10. What is the tens digit of q(z)?
1
Suppose 3*n = -n - 8. Let p(d) = d**3 + 11*d**2 - 12*d + 6. Let s be p(-12). Let l = n + s. What is the units digit of l?
4
Let y(o) = -o**3 + 3*o**2 + o + 2. Let x be y(4). Let c = x - -13. What is the units digit of c?
3
Let c be (0 + -3)*1 + 2. Suppose 0 = 5*k + 1 + 4. What is the units digit of c/1 + k + 7?
5
Suppose 0 = -k - 5 - 1. What is the tens digit of (1 + 29)*(-2)/k?
1
Let x(b) = b - 3. Let w be x(7). Suppose -t + w*t + 9 = 0. Let r = t - -6. What is the units digit of r?
3
Let f(i) = i**2 - 11*i + 15. Let g be f(11). What is the units digit of (-1 - -1) + (g - -5)?
0
Let g(a) = -a**2 - 4*a - 1. Let j be g(-3). Suppose -j*i + 20 = 3*i. Let h = -3 + i. What is the units digit of h?
1
What is the units digit of 115/25 - 4 - 22/(-5)?
5
Suppose 5*a - 15 = 2*i, -2*a + a + 2*i = 5. Suppose -2*l + y + 49 = 2*l, a*l - 68 = -y. What is the tens digit of l?
1
What is the hundreds digit of (18/14)/(-3) + 1130/7?
1
Let u(d) = -d**3 + 26*d**2 - 14*d - 40. What is the tens digit of u(25)?
3
Suppose -3*z = z - k - 113, 0 = 4*z - 5*k - 101. What is the units digit of z?
9
Let o(u) = u**3 + 9*u**2 + 8*u - 6. Let t be o(-6). What is the units digit of (-4)/(-18) - (-150)/t?
3
Let v be 2/(-5) - 36/10. Let c(n) = -2*n - 6. Let f be c(v). What is the units digit of f/8 + 33/12?
3
Let w(l) = -4*l + 20. What is the units digit of w(-5)?
0
Suppose 0*b = -3*b + 72. What is the units digit of b?
4
Let q = 125 + -76. What is the tens digit of q?
4
Let u = 29 + -19. What is the units digit of u?
0
Suppose -3 = -5*p + 12. Suppose -p*m - 2*m = 0. Suppose 2*d - 2 = -m. What is the units digit of d?
1
Let b(h) = -h + 1. Let c(m) = -10*m. L